e hundreds digit of (-1455)/u*16/20?
1
Let b(w) = 2202*w**2 - 10*w - 34. Let u be b(-4). What is the hundreds digit of ((-21)/6 - -1)*u/(-105)?
8
Suppose 6*y + 4*a = 7*y - 23, 25 = -5*a. Suppose -y = -2*i + 1. Suppose -50 = -i*z + 68. What is the units digit of z?
9
Suppose 49 - 49 = 8*s. Suppose 0*b - 14*b + 7532 = s. What is the tens digit of b?
3
Let n(x) be the third derivative of x**6/120 - 2*x**5/15 - 3*x**4/8 - x**3/6 - 3*x**2. Let i be n(9). What is the units digit of 1 - (0/(-6) - (i - -77))?
7
Let n(l) = -1801*l**3 - 3*l**2 - 3*l - 1. What is the thousands digit of n(-1)?
1
Suppose -2*v + 4*d + 1110 = 2*d, 4*d + 1104 = 2*v. Let t be (-2*3/(-6))/((-3)/v). What is the units digit of (-10)/2 - (30 + t)?
1
Suppose -360*n - 14110859 = -577*n. What is the tens digit of n?
2
Let f = 8 - -29. Suppose 9*i - f - 17 = 0. What is the units digit of 33 + i*(-2)/(-3)?
7
Suppose 5*n + 212*s = 210*s + 12894, 2*s + 6 = 0. What is the units digit of n?
0
Let u = -109680 - -188373. What is the thousands digit of u?
8
What is the tens digit of (-285)/(-45) + -7 + (-51808)/(-6)?
3
Let m = 21 + -18. Suppose m*l - 7*l = -5*l. What is the tens digit of 3/((-6)/(-236)) + l/(-2)?
1
Suppose -17*u + 76 = -94. Suppose -u*z + 399 = -351. What is the units digit of z?
5
Suppose 163*b + 109824 = 176*b. What is the hundreds digit of b?
4
Let s(b) = 29*b**2 - 11*b - 45. Let k be s(7). Suppose -366 = -o - 5*z, -3*z + 443 + k = 5*o. What is the units digit of o?
6
Let a be 4*(-1 + 3)/8 - -20. Let v(o) = o**2 + 6*o + 7. Let l be v(-6). Suppose 0 = -0*p - l*p + a. What is the units digit of p?
3
Suppose 8*x - 2 = 38. Suppose -d + 2*d = 2*b - 48, -180 = x*d + 5*b. Let u = d - -109. What is the units digit of u?
9
Suppose 219*g - 800546 = 181*g. What is the thousands digit of g?
1
Suppose 7*o - 5*o = -108. Let p = 52 + o. What is the units digit of 2/5 + (-448)/(-5) + p?
8
Suppose -40769 + 10601 = -n - 3*r, -4*n - 2*r + 120662 = 0. What is the ten thousands digit of n?
3
Suppose 170 - 172 = -t. Suppose 61*h - 932 = 57*h. Suppose -t*o + 331 = -h. What is the hundreds digit of o?
2
Let o = 60 + -50. Let v be 8 - o/(-3)*18/(-15). Suppose -q - v*q + 210 = 0. What is the units digit of q?
2
Let i = -11 - -11. Let k be i/(-12)*(1 + -2 + 0). Suppose k = d + 112 - 306. What is the tens digit of d?
9
Let y(b) = -2*b**3 - 8*b**2 + 3*b + 11. Let r be y(-6). Suppose 4*j + 313 = p, -1553 = -5*p - 5*j + r. What is the hundreds digit of p?
3
Let f be (-1)/(-2 + 21/11 + 0). Suppose -f*w + 17*w = -114. Let u = 84 + w. What is the tens digit of u?
6
What is the tens digit of 203193/36 - (10/(-8))/(-5)?
4
Let v(z) = -5*z + 145. Let m be v(27). Suppose 15*k + m*k - 30575 = 0. What is the tens digit of k?
2
Suppose 0 = -13*l + 213544 + 5649. What is the units digit of l?
1
Let i(y) = -2*y**3 - 6*y**2 - 4*y + 1. Let z(c) = c**2 - 10*c + 17. Let l be z(8). Let x be (-6)/(l - -3*(-2)/(-12)). What is the tens digit of i(x)?
4
Let i be (-1 - 2)/((-4)/16528*-3). Let r = -2788 - i. What is the thousands digit of r?
1
Let l be (-5 - 1) + 2 + 9/(-3). Let q(s) = -3*s**2 - 13*s + 2. Let x be q(l). What is the units digit of (-3 - 0)/(x/1602)?
9
Let f = -354 - -326. Let b(n) = -n**3 - 30*n**2 - 70*n - 14. What is the tens digit of b(f)?
7
Suppose 8068 = 3*y - 5*x, -9*y + 6*y + x + 8060 = 0. Let f = y - 1061. What is the units digit of f?
5
Let t(w) = -52*w + 4522. What is the hundreds digit of t(-30)?
0
Let u(p) = 129*p**2 - p + 3. Let k be u(2). Let c = -139 + k. What is the tens digit of c?
7
Suppose 269*j = 273*j - 336. Suppose -y + 4*i = -j, -19*y - 263 = -22*y + i. What is the tens digit of y?
8
Let n(y) = -9*y**3 - 15*y**2 + 25*y - 21. Let m be n(-8). Suppose 4*i - m = 1965. What is the tens digit of i?
4
Let t(n) = 8*n + 21. Suppose -l - 11 = -5*l + 5*q, -2*l - 5*q = -13. Suppose -l*b + 9*b - 20 = 0. What is the units digit of t(b)?
3
Let b(j) = 677*j**2 + 4*j. Let p be b(2). Suppose p = 7*h - 0*h. What is the hundreds digit of h?
3
Let a(d) = d + 55 + 2*d**2 + 686 + d. What is the tens digit of a(0)?
4
Let w(s) = 4*s**2 - 12*s - 20. Let z be 6/(-21) + (-1896)/(-168). What is the hundreds digit of w(z)?
3
Let v(a) = a**3 - 14*a**2 - 5*a - 313. What is the hundreds digit of v(20)?
9
Suppose 131748 = 19*v - 257315. What is the ten thousands digit of v?
2
What is the thousands digit of 18507 - ((-36)/(-6) - (-5 - -18))?
8
Let d(v) = 23*v**2 + 54*v - 28. Suppose -i = 2*f - 11, 2*f - 8 = 2*i + 12. What is the units digit of d(f)?
7
Let w be 288/56*728/(-16). Let i = 392 + w. What is the tens digit of i?
5
Let f = 3333 + 9139. What is the ten thousands digit of f?
1
Let i = 293 + -148. Suppose n - i = -u, -4*n = 3*u - 3*n - 429. Suppose o + o - u = 0. What is the tens digit of o?
7
Suppose 24 = 17*w - 27. Suppose 0 = t + 5, 3*t + 2127 = -w*z + 7*z. What is the units digit of z?
8
Suppose 113 = 4*h - 39. Let n(o) = 2*o**2 + 42*o + 48. Let p be n(-18). Let u = h - p. What is the units digit of u?
8
Let c be 0 + 3 + (-6 - -1). What is the tens digit of -2 + (56/32)/(c/(-184))?
5
Suppose 3*y + 12 = 24. Let c(l) = 2*l**3 - 9*l**2 + 2*l - 5. Let i be c(6). Suppose i = y*x + x. What is the tens digit of x?
2
Let b(v) = -2*v - 40. Let y be b(-20). Suppose 5*l - 568 + 148 = y. Suppose -p + 5*a = -13 - l, p - a - 101 = 0. What is the tens digit of p?
0
Let c = -30 - -81. Suppose 47*f - c*f = -596. What is the tens digit of f?
4
Let a(r) be the first derivative of -5*r**2/2 + 18*r + 17. Let s be a(0). Suppose -u + 0*u = 4*l - 11, -s = -3*u + 3*l. What is the units digit of u?
7
Let g(w) = -w**3 + 6*w**2 + 5. Let h be g(6). Suppose 4*m - 4*f = 12, 0 = -h*m - 0*m - 3*f + 15. What is the hundreds digit of 2/(m/(-882)*-3)?
1
Let j = 22 + -13. Suppose 11*z - j*z - 20 = 0. What is the units digit of 39/(-2)*(-3)/(9/z)?
5
Let u(a) = -188*a**3 + 52*a**2 + 200*a - 22. What is the tens digit of u(-5)?
7
Let i(c) = -40*c**3 + 39*c**3 - 46*c + 64*c + 19. What is the hundreds digit of i(-7)?
2
Let n be -1011*4/24*-2. Let i(t) = -t**2 + 14*t + 151. Let a be i(24). Let h = n + a. What is the units digit of h?
8
Let h(m) = m**2 + 2*m + 5. Let v(k) = k**3 - 6*k**2 - 10*k - 6. Let a be v(8). Let u = a + -47. What is the tens digit of h(u)?
2
Let t be 428/(-2) + (-21)/(-21). Let a = t + 380. What is the hundreds digit of a?
1
Suppose -15*q + 32462 + 165583 = 0. What is the thousands digit of q?
3
Let w(f) be the second derivative of f**4/2 + 29*f**3/6 - 5*f**2 - f + 10. What is the tens digit of w(-12)?
0
Suppose 2*m = 166 - 90. Suppose 31*b + 7525 = m*b. What is the units digit of b?
5
Suppose 7*w = 11253 + 15200. Suppose 22*o - 1589 = w. What is the units digit of o?
4
Let u = -332 + 305. Let n(m) = -3*m - 12. What is the tens digit of n(u)?
6
Suppose 27 = 3*m - 3*g, m = -4*m + 4*g + 41. Suppose 0 = j + m*y - 8, -3*j = 2*y - 21 - 55. What is the units digit of (-8)/j + (-4936)/(-28)?
6
What is the hundreds digit of (-17*1)/((-120)/(-336))*-105*1?
9
Suppose -s = 3*o + 15, 5*s - 9*o - 20 = -5*o. Suppose -1610 = -4*l - 3*z, -l - 4*z + 396 = -s*l. What is the hundreds digit of l?
4
Suppose 0*m = -5*m + 25, -2*b - 3*m = -261. What is the units digit of 332/6 + 205/b?
7
What is the tens digit of (-278 + -48)/(5/(-80))?
1
What is the tens digit of (33/(693/8826))/((-2)/(-7))?
7
Suppose 4*o - 65536 = 4*x, -o + 2*x - 4731 = -21113. What is the tens digit of o?
8
Suppose 6*d - 11*d + n + 9 = 0, 7*d - 3*n - 19 = 0. What is the tens digit of d/(798/3940 + (-2)/10)?
9
Suppose -1808 = -21*c - 5021. Let g = -72 - c. What is the units digit of g?
1
Let y(b) = -b**3 + 15*b**2 + 21*b - 83. Let o be y(16). What is the units digit of (o/(-9))/(1/333)?
1
What is the thousands digit of 25887 + (-16)/((-16)/17)?
5
Let m be -1047*(-3)/2*(-8)/(-36). Suppose -m = -2*g + 245. What is the tens digit of g?
9
Suppose 2*b = 3*r + 895 + 8014, 0 = -2*b + 5*r + 8911. What is the units digit of b?
3
Let v be (12/(-30) - 12/(-5)) + 693. Suppose v = 4*n - 933. Let g = n + -232. What is the units digit of g?
5
Suppose -t + 2*z + 52813 = 0, 37*t = 41*t + 4*z - 211348. What is the units digit of t?
9
Suppose 49*c + 12 = 52*c. Suppose 3759 = c*r + 3*r. What is the units digit of r?
7
Suppose -5*h + 46 = -54. Suppose -h = 2*s - 2*n, n + 20 = -7*s + 2*s. Let x(c) = -c*